{"id":13,"date":"2025-12-18T06:47:46","date_gmt":"2025-12-18T06:47:46","guid":{"rendered":"https:\/\/chuyenhangg.com\/?page_id=13"},"modified":"2025-12-19T04:28:38","modified_gmt":"2025-12-19T04:28:38","slug":"lien-he","status":"publish","type":"page","link":"https:\/\/chuyenhang.adsdigi.com\/?page_id=13","title":{"rendered":"Li\u00ean h\u1ec7"},"content":{"rendered":"\t\t<div data-elementor-type=\"wp-page\" data-elementor-id=\"13\" class=\"elementor elementor-13\" data-elementor-post-type=\"page\">\n\t\t\t\t<div class=\"elementor-element elementor-element-07d0b18 e-flex e-con-boxed e-con e-parent\" data-id=\"07d0b18\" data-element_type=\"container\">\n\t\t\t\t\t<div class=\"e-con-inner\">\n\t\t<div class=\"elementor-element elementor-element-f6dae9b e-con-full e-flex e-con e-child\" data-id=\"f6dae9b\" data-element_type=\"container\">\n\t\t<div class=\"elementor-element elementor-element-cf58333 e-con-full e-flex e-con e-child\" data-id=\"cf58333\" data-element_type=\"container\" data-settings=\"{&quot;background_background&quot;:&quot;gradient&quot;}\">\n\t\t\t\t<div class=\"elementor-element elementor-element-49c757a elementor-widget elementor-widget-heading\" data-id=\"49c757a\" data-element_type=\"widget\" data-widget_type=\"heading.default\">\n\t\t\t\t<div class=\"elementor-widget-container\">\n\t\t\t\t\t<h2 class=\"elementor-heading-title elementor-size-default\">Th\u00f4ng tin li\u00ean h\u1ec7<\/h2>\t\t\t\t<\/div>\n\t\t\t\t<\/div>\n\t\t\t\t<div class=\"elementor-element elementor-element-05e74f7 elementor-widget elementor-widget-heading\" data-id=\"05e74f7\" data-element_type=\"widget\" data-widget_type=\"heading.default\">\n\t\t\t\t<div class=\"elementor-widget-container\">\n\t\t\t\t\t<h3 class=\"elementor-heading-title elementor-size-default\">Chuy\u1ec3n ph\u00e1t nhanh<\/h3>\t\t\t\t<\/div>\n\t\t\t\t<\/div>\n\t\t\t\t<div class=\"elementor-element elementor-element-4da87c0 elementor-widget elementor-widget-text-editor\" data-id=\"4da87c0\" data-element_type=\"widget\" data-widget_type=\"text-editor.default\">\n\t\t\t\t<div class=\"elementor-widget-container\">\n\t\t\t\t\t\t\t\t\t<ul style=\"list-style: none; padding: 0; margin: 0; line-height: 1.8;\">\n  <li style=\"display: flex; align-items: center; margin-bottom: 6px;\">\n    \ud83d\udccd\n    <span style=\"margin-left: 8px;\">\n      <strong>V\u0103n ph\u00f2ng H\u00e0 N\u1ed9i:<\/strong> 12A Trung Y\u00ean 6, ph\u01b0\u1eddng Y\u00ean H\u00f2a, qu\u1eadn C\u1ea7u Gi\u1ea5y\n    <\/span>\n  <\/li>\n\n  <li style=\"display: flex; align-items: center; margin-bottom: 6px;\">\n    \ud83d\udccd\n    <span style=\"margin-left: 8px;\">\n      <strong>V\u0103n ph\u00f2ng HCM:<\/strong> H\u1ebbm 104\/9 Y\u00ean Th\u1ebf, ph\u01b0\u1eddng 2, qu\u1eadn T\u00e2n B\u00ecnh\n    <\/span>\n  <\/li>\n\n  <li style=\"display: flex; align-items: center; margin-bottom: 6px;\">\n    \ud83d\udcde\n    <span style=\"margin-left: 8px;\">\n      <a href=\"tel:0822716666\" style=\"color: inherit; text-decoration: none;\">\n        0822 716 666\n      <\/a>\n    <\/span>\n  <\/li>\n\n  <li style=\"display: flex; align-items: center;\">\n    \u2709\ufe0f\n    <span style=\"margin-left: 8px;\">\n      <a href=\"mailto:thai1268aa@gmail.com\" style=\"color: inherit; text-decoration: none;\">\n        thai1268aa@gmail.com\n      <\/a>\n    <\/span>\n  <\/li>\n<\/ul>\n\t\t\t\t\t\t\t\t<\/div>\n\t\t\t\t<\/div>\n\t\t\t\t<\/div>\n\t\t\t\t<\/div>\n\t\t<div class=\"elementor-element elementor-element-5caf635 e-con-full e-flex e-con e-child\" data-id=\"5caf635\" data-element_type=\"container\">\n\t\t\t\t<div class=\"elementor-element elementor-element-582b746 elementor-widget elementor-widget-heading\" data-id=\"582b746\" data-element_type=\"widget\" data-widget_type=\"heading.default\">\n\t\t\t\t<div class=\"elementor-widget-container\">\n\t\t\t\t\t<h2 class=\"elementor-heading-title elementor-size-default\">Li\u00ean h\u1ec7 v\u1edbi v\u1eadn chuy\u1ec3n nhanh<\/h2>\t\t\t\t<\/div>\n\t\t\t\t<\/div>\n\t\t\t\t<div class=\"elementor-element elementor-element-c352e2a elementor-button-align-center elementor-widget elementor-widget-form\" data-id=\"c352e2a\" data-element_type=\"widget\" data-settings=\"{&quot;step_next_label&quot;:&quot;Next&quot;,&quot;step_previous_label&quot;:&quot;Previous&quot;,&quot;button_width&quot;:&quot;100&quot;,&quot;step_type&quot;:&quot;number_text&quot;,&quot;step_icon_shape&quot;:&quot;circle&quot;}\" data-widget_type=\"form.default\">\n\t\t\t\t<div class=\"elementor-widget-container\">\n\t\t\t\t\t\t\t<form class=\"elementor-form\" method=\"post\" name=\"New Form\">\n\t\t\t<input type=\"hidden\" name=\"post_id\" value=\"13\"\/>\n\t\t\t<input type=\"hidden\" name=\"form_id\" value=\"c352e2a\"\/>\n\t\t\t<input type=\"hidden\" name=\"referer_title\" value=\"\" \/>\n\n\t\t\t\n\t\t\t<div class=\"elementor-form-fields-wrapper elementor-labels-above\">\n\t\t\t\t\t\t\t\t<div class=\"elementor-field-type-text elementor-field-group elementor-column elementor-field-group-name elementor-col-100\">\n\t\t\t\t\t\t\t\t\t\t\t\t\t<input size=\"1\" type=\"text\" name=\"form_fields[name]\" id=\"form-field-name\" class=\"elementor-field elementor-size-sm  elementor-field-textual\" placeholder=\"T\u00ean\">\n\t\t\t\t\t\t\t\t\t\t\t<\/div>\n\t\t\t\t\t\t\t\t<div class=\"elementor-field-type-email elementor-field-group elementor-column elementor-field-group-email elementor-col-100 elementor-field-required\">\n\t\t\t\t\t\t\t\t\t\t\t\t\t<input size=\"1\" type=\"email\" name=\"form_fields[email]\" id=\"form-field-email\" class=\"elementor-field elementor-size-sm  elementor-field-textual\" placeholder=\"Email\" required=\"required\" aria-required=\"true\">\n\t\t\t\t\t\t\t\t\t\t\t<\/div>\n\t\t\t\t\t\t\t\t<div class=\"elementor-field-type-tel elementor-field-group elementor-column elementor-field-group-field_d0849c4 elementor-col-100\">\n\t\t\t\t\t\t\t<input size=\"1\" type=\"tel\" name=\"form_fields[field_d0849c4]\" id=\"form-field-field_d0849c4\" class=\"elementor-field elementor-size-sm  elementor-field-textual\" placeholder=\"S\u1ed1 \u0111i\u1ec7n tho\u1ea1i\" pattern=\"[0-9()#&amp;+*-=.]+\" title=\"Only numbers and phone characters (#, -, *, etc) are accepted.\">\n\n\t\t\t\t\t\t<\/div>\n\t\t\t\t\t\t\t\t<div class=\"elementor-field-group elementor-column elementor-field-type-submit elementor-col-100 e-form__buttons\">\n\t\t\t\t\t<button type=\"submit\" class=\"elementor-button elementor-size-sm\">\n\t\t\t\t\t\t<span >\n\t\t\t\t\t\t\t\t\t\t\t\t\t\t\t<span class=\" elementor-button-icon\">\n\t\t\t\t\t\t\t\t\t\t\t\t\t\t\t\t\t\t\t\t\t\t\t\t\t\t<\/span>\n\t\t\t\t\t\t\t\t\t\t\t\t\t\t\t\t\t\t\t\t\t\t<span class=\"elementor-button-text\">G\u1eedi<\/span>\n\t\t\t\t\t\t\t\t\t\t\t\t\t<\/span>\n\t\t\t\t\t<\/button>\n\t\t\t\t<\/div>\n\t\t\t<\/div>\n\t\t<\/form>\n\t\t\t\t\t\t<\/div>\n\t\t\t\t<\/div>\n\t\t\t\t<\/div>\n\t\t\t\t\t<\/div>\n\t\t\t\t<\/div>\n\t\t<div class=\"elementor-element elementor-element-31f276b e-flex e-con-boxed e-con e-parent\" data-id=\"31f276b\" data-element_type=\"container\">\n\t\t\t\t\t<div class=\"e-con-inner\">\n\t\t\t\t<div class=\"elementor-element elementor-element-8c7492b elementor-widget elementor-widget-google_maps\" data-id=\"8c7492b\" data-element_type=\"widget\" data-widget_type=\"google_maps.default\">\n\t\t\t\t<div class=\"elementor-widget-container\">\n\t\t\t\t\t\t\t<div class=\"elementor-custom-embed\">\n\t\t\t<iframe loading=\"lazy\"\n\t\t\t\t\tsrc=\"https:\/\/maps.google.com\/maps?q=12A%20trung%20y%C3%AAn%206%20%2C%20ph%C6%B0%E1%BB%9Dng%20y%C3%AAn%20ho%C3%A0%2C%20qu%E1%BA%ADn%20c%E1%BA%A7u%20gi%E1%BA%A5y&#038;t=m&#038;z=10&#038;output=embed&#038;iwloc=near\"\n\t\t\t\t\ttitle=\"12A trung y\u00ean 6 , ph\u01b0\u1eddng y\u00ean ho\u00e0, qu\u1eadn c\u1ea7u gi\u1ea5y\"\n\t\t\t\t\taria-label=\"12A trung y\u00ean 6 , ph\u01b0\u1eddng y\u00ean ho\u00e0, qu\u1eadn c\u1ea7u gi\u1ea5y\"\n\t\t\t><\/iframe>\n\t\t<\/div>\n\t\t\t\t\t\t<\/div>\n\t\t\t\t<\/div>\n\t\t\t\t\t<\/div>\n\t\t\t\t<\/div>\n\t\t<div class=\"elementor-element elementor-element-2077fa4 e-con-full e-flex e-con e-parent\" data-id=\"2077fa4\" data-element_type=\"container\">\n\t\t\t\t<div class=\"elementor-element elementor-element-26d4287 elementor-widget elementor-widget-html\" data-id=\"26d4287\" data-element_type=\"widget\" data-widget_type=\"html.default\">\n\t\t\t\t<div class=\"elementor-widget-container\">\n\t\t\t\t\t<style>\r\n  .footer-new {\r\n    background: #1fa4cf;\r\n    color: #ffffff;\r\n    padding: 60px 20px 40px;\r\n    font-size: 14px;\r\n  }\r\n\r\n  .footer-wrap {\r\n    max-width: 1200px;\r\n    margin: auto;\r\n    display: grid;\r\n    grid-template-columns: repeat(3, 1fr);\r\n    gap: 50px;\r\n  }\r\n\r\n  .footer-col h3 {\r\n    font-size: 16px;\r\n    font-weight: 700;\r\n    margin-bottom: 18px;\r\n    text-transform: uppercase;\r\n    border-left: 4px solid #ffffff;\r\n    padding-left: 10px;\r\n  }\r\n\r\n  .footer-item {\r\n    display: flex;\r\n    align-items: flex-start;\r\n    margin-bottom: 12px;\r\n    line-height: 1.6;\r\n  }\r\n\r\n  .footer-item span {\r\n    margin-right: 10px;\r\n    font-size: 16px;\r\n    line-height: 1.4;\r\n  }\r\n\r\n  .footer-item a {\r\n    color: #ffffff;\r\n    text-decoration: none;\r\n  }\r\n\r\n  .footer-item a:hover {\r\n    text-decoration: underline;\r\n  }\r\n\r\n  .footer-bottom {\r\n    text-align: center;\r\n    margin-top: 40px;\r\n    font-size: 13px;\r\n    opacity: 0.85;\r\n  }\r\n\r\n  \/* Mobile *\/\r\n  @media (max-width: 768px) {\r\n    .footer-wrap {\r\n      grid-template-columns: 1fr;\r\n      gap: 30px;\r\n    }\r\n  }\r\n<\/style>\r\n\r\n<footer class=\"footer-new\">\r\n  <div class=\"footer-wrap\">\r\n\r\n    <!-- H\u00c0 N\u1ed8I -->\r\n    <div class=\"footer-col\">\r\n      <h3>V\u0103n ph\u00f2ng H\u00e0 N\u1ed9i<\/h3>\r\n      <div class=\"footer-item\">\r\n        <span>\ud83d\udccd<\/span>\r\n        <div>12A Trung Y\u00ean 6, ph\u01b0\u1eddng Y\u00ean H\u00f2a, qu\u1eadn C\u1ea7u Gi\u1ea5y<\/div>\r\n      <\/div>\r\n      <div class=\"footer-item\">\r\n        <span>\ud83d\udcde<\/span>\r\n        <a href=\"tel:0822716666\">0822 716 666<\/a>\r\n      <\/div>\r\n      <div class=\"footer-item\">\r\n        <span>\u2709\ufe0f<\/span>\r\n        <a href=\"mailto:thai1268aa@gmail.com\">thai1268aa@gmail.com<\/a>\r\n      <\/div>\r\n    <\/div>\r\n\r\n    <!-- LI\u00caN H\u1ec6 -->\r\n    <div class=\"footer-col\">\r\n      <h3>Li\u00ean h\u1ec7 nhanh<\/h3>\r\n      <div class=\"footer-item\">\r\n        <span>\ud83d\udcde<\/span>\r\n        Hotline: <a href=\"tel:0822716666\">0822 716 666<\/a>\r\n      <\/div>\r\n      <div class=\"footer-item\">\r\n        <span>\u2709\ufe0f<\/span>\r\n        <a href=\"mailto:thai1268aa@gmail.com\">thai1268aa@gmail.com<\/a>\r\n      <\/div>\r\n    <\/div>\r\n\r\n    <!-- HCM -->\r\n    <div class=\"footer-col\">\r\n      <h3>V\u0103n ph\u00f2ng TP.HCM<\/h3>\r\n      <div class=\"footer-item\">\r\n        <span>\ud83d\udccd<\/span>\r\n        <div>H\u1ebbm 104\/9 Y\u00ean Th\u1ebf, ph\u01b0\u1eddng 2, qu\u1eadn T\u00e2n B\u00ecnh<\/div>\r\n      <\/div>\r\n      <div class=\"footer-item\">\r\n        <span>\ud83d\udcde<\/span>\r\n        <a href=\"tel:0822716666\">0822 716 666<\/a>\r\n      <\/div>\r\n      <div class=\"footer-item\">\r\n        <span>\u2709\ufe0f<\/span>\r\n        <a href=\"mailto:thai1268aa@gmail.com\">thai1268aa@gmail.com<\/a>\r\n      <\/div>\r\n    <\/div>\r\n\r\n  <\/div>\r\n\r\n  <div class=\"footer-bottom\">\r\n    \u00a9 2025 D\u1ecbch v\u1ee5 chuy\u1ec3n ph\u00e1t nhanh. All rights reserved.\r\n  <\/div>\r\n<\/footer>\r\n\t\t\t\t<\/div>\n\t\t\t\t<\/div>\n\t\t\t\t<\/div>\n\t\t\t\t<\/div>\n\t\t","protected":false},"excerpt":{"rendered":"<p>Th\u00f4ng tin li\u00ean h\u1ec7 Chuy\u1ec3n ph\u00e1t nhanh \ud83d\udccd V\u0103n ph\u00f2ng H\u00e0 N\u1ed9i: 12A Trung Y\u00ean 6, ph\u01b0\u1eddng Y\u00ean H\u00f2a, qu\u1eadn [&hellip;]<\/p>\n","protected":false},"author":1,"featured_media":0,"parent":0,"menu_order":0,"comment_status":"closed","ping_status":"closed","template":"","meta":{"site-sidebar-layout":"no-sidebar","site-content-layout":"","ast-site-content-layout":"full-width-container","site-content-style":"default","site-sidebar-style":"default","ast-global-header-display":"","ast-banner-title-visibility":"","ast-main-header-display":"","ast-hfb-above-header-display":"","ast-hfb-below-header-display":"","ast-hfb-mobile-header-display":"","site-post-title":"disabled","ast-breadcrumbs-content":"disabled","ast-featured-img":"disabled","footer-sml-layout":"","ast-disable-related-posts":"","theme-transparent-header-meta":"default","adv-header-id-meta":"","stick-header-meta":"","header-above-stick-meta":"","header-main-stick-meta":"","header-below-stick-meta":"","astra-migrate-meta-layouts":"set","ast-page-background-enabled":"default","ast-page-background-meta":{"desktop":{"background-color":"var(--ast-global-color-5)","background-image":"","background-repeat":"repeat","background-position":"center center","background-size":"auto","background-attachment":"scroll","background-type":"","background-media":"","overlay-type":"","overlay-color":"","overlay-opacity":"","overlay-gradient":""},"tablet":{"background-color":"","background-image":"","background-repeat":"repeat","background-position":"center center","background-size":"auto","background-attachment":"scroll","background-type":"","background-media":"","overlay-type":"","overlay-color":"","overlay-opacity":"","overlay-gradient":""},"mobile":{"background-color":"","background-image":"","background-repeat":"repeat","background-position":"center center","background-size":"auto","background-attachment":"scroll","background-type":"","background-media":"","overlay-type":"","overlay-color":"","overlay-opacity":"","overlay-gradient":""}},"ast-content-background-meta":{"desktop":{"background-color":"var(--ast-global-color-4)","background-image":"","background-repeat":"repeat","background-position":"center center","background-size":"auto","background-attachment":"scroll","background-type":"","background-media":"","overlay-type":"","overlay-color":"","overlay-opacity":"","overlay-gradient":""},"tablet":{"background-color":"var(--ast-global-color-4)","background-image":"","background-repeat":"repeat","background-position":"center center","background-size":"auto","background-attachment":"scroll","background-type":"","background-media":"","overlay-type":"","overlay-color":"","overlay-opacity":"","overlay-gradient":""},"mobile":{"background-color":"var(--ast-global-color-4)","background-image":"","background-repeat":"repeat","background-position":"center center","background-size":"auto","background-attachment":"scroll","background-type":"","background-media":"","overlay-type":"","overlay-color":"","overlay-opacity":"","overlay-gradient":""}},"footnotes":""},"class_list":["post-13","page","type-page","status-publish","hentry"],"_links":{"self":[{"href":"https:\/\/chuyenhang.adsdigi.com\/index.php?rest_route=\/wp\/v2\/pages\/13","targetHints":{"allow":["GET"]}}],"collection":[{"href":"https:\/\/chuyenhang.adsdigi.com\/index.php?rest_route=\/wp\/v2\/pages"}],"about":[{"href":"https:\/\/chuyenhang.adsdigi.com\/index.php?rest_route=\/wp\/v2\/types\/page"}],"author":[{"embeddable":true,"href":"https:\/\/chuyenhang.adsdigi.com\/index.php?rest_route=\/wp\/v2\/users\/1"}],"replies":[{"embeddable":true,"href":"https:\/\/chuyenhang.adsdigi.com\/index.php?rest_route=%2Fwp%2Fv2%2Fcomments&post=13"}],"version-history":[{"count":9,"href":"https:\/\/chuyenhang.adsdigi.com\/index.php?rest_route=\/wp\/v2\/pages\/13\/revisions"}],"predecessor-version":[{"id":143,"href":"https:\/\/chuyenhang.adsdigi.com\/index.php?rest_route=\/wp\/v2\/pages\/13\/revisions\/143"}],"wp:attachment":[{"href":"https:\/\/chuyenhang.adsdigi.com\/index.php?rest_route=%2Fwp%2Fv2%2Fmedia&parent=13"}],"curies":[{"name":"wp","href":"https:\/\/api.w.org\/{rel}","templated":true}]}}