{"id":11,"date":"2025-12-18T06:47:29","date_gmt":"2025-12-18T06:47:29","guid":{"rendered":"https:\/\/chuyenhangg.com\/?page_id=11"},"modified":"2025-12-24T02:55:29","modified_gmt":"2025-12-24T02:55:29","slug":"ve-chung-toi","status":"publish","type":"page","link":"https:\/\/chuyenhang.adsdigi.com\/?page_id=11","title":{"rendered":"V\u1ec1 ch\u00fang t\u00f4i"},"content":{"rendered":"\t\t<div data-elementor-type=\"wp-page\" data-elementor-id=\"11\" class=\"elementor elementor-11\" data-elementor-post-type=\"page\">\n\t\t\t\t<div class=\"elementor-element elementor-element-96c9619 e-flex e-con-boxed e-con e-parent\" data-id=\"96c9619\" data-element_type=\"container\" data-settings=\"{&quot;background_background&quot;:&quot;slideshow&quot;,&quot;background_slideshow_gallery&quot;:[{&quot;id&quot;:294,&quot;url&quot;:&quot;https:\\\/\\\/chuyenhang.adsdigi.com\\\/wp-content\\\/uploads\\\/2025\\\/12\\\/bg-about-1.jpg&quot;}],&quot;background_slideshow_loop&quot;:&quot;yes&quot;,&quot;background_slideshow_slide_duration&quot;:5000,&quot;background_slideshow_slide_transition&quot;:&quot;fade&quot;,&quot;background_slideshow_transition_duration&quot;:500}\">\n\t\t\t\t\t<div class=\"e-con-inner\">\n\t\t\t\t<div class=\"elementor-element elementor-element-0d0c7c2 elementor-widget elementor-widget-heading\" data-id=\"0d0c7c2\" data-element_type=\"widget\" data-widget_type=\"heading.default\">\n\t\t\t\t<div class=\"elementor-widget-container\">\n\t\t\t\t\t<h2 class=\"elementor-heading-title elementor-size-default\">CHUY\u1ec2N PH\u00c1T NHANH HO\u1ea2 T\u1ed0C<\/h2>\t\t\t\t<\/div>\n\t\t\t\t<\/div>\n\t\t\t\t<div class=\"elementor-element elementor-element-fe18bb6 elementor-widget elementor-widget-text-editor\" data-id=\"fe18bb6\" data-element_type=\"widget\" data-widget_type=\"text-editor.default\">\n\t\t\t\t<div class=\"elementor-widget-container\">\n\t\t\t\t\t\t\t\t\t<p>UY T\u00cdN \u2013 CH\u1ea4T L\u01af\u1ee2NG \u2013 \u0110\u1ea2M B\u1ea2O \u2013 NHANH CH\u00d3NG<\/p>\t\t\t\t\t\t\t\t<\/div>\n\t\t\t\t<\/div>\n\t\t\t\t\t<\/div>\n\t\t\t\t<\/div>\n\t\t<div class=\"elementor-element elementor-element-68e55ef e-flex e-con-boxed e-con e-parent\" data-id=\"68e55ef\" data-element_type=\"container\">\n\t\t\t\t\t<div class=\"e-con-inner\">\n\t\t<div class=\"elementor-element elementor-element-3b935d1 e-con-full e-flex e-con e-child\" data-id=\"3b935d1\" data-element_type=\"container\">\n\t\t\t\t<div class=\"elementor-element elementor-element-b0cd779 elementor-widget elementor-widget-heading\" data-id=\"b0cd779\" data-element_type=\"widget\" data-widget_type=\"heading.default\">\n\t\t\t\t<div class=\"elementor-widget-container\">\n\t\t\t\t\t<h2 class=\"elementor-heading-title elementor-size-default\">N\u00f3i v\u1ec1 ch\u00fang t\u00f4i<\/h2>\t\t\t\t<\/div>\n\t\t\t\t<\/div>\n\t\t\t\t<\/div>\n\t\t<div class=\"elementor-element elementor-element-4fb9903 e-con-full e-flex e-con e-child\" data-id=\"4fb9903\" data-element_type=\"container\">\n\t\t\t\t<div class=\"elementor-element elementor-element-5558ae5 elementor-widget elementor-widget-heading\" data-id=\"5558ae5\" data-element_type=\"widget\" data-widget_type=\"heading.default\">\n\t\t\t\t<div class=\"elementor-widget-container\">\n\t\t\t\t\t<h2 class=\"elementor-heading-title elementor-size-default\">CHUY\u1ec2N PH\u00c1T NHANH<\/h2>\t\t\t\t<\/div>\n\t\t\t\t<\/div>\n\t\t\t\t<div class=\"elementor-element elementor-element-9f12f45 elementor-widget elementor-widget-text-editor\" data-id=\"9f12f45\" data-element_type=\"widget\" data-widget_type=\"text-editor.default\">\n\t\t\t\t<div class=\"elementor-widget-container\">\n\t\t\t\t\t\t\t\t\t<ul class=\"wp-block-list\"><li><img decoding=\"async\" src=\"http:\/\/chuyenphatnhanhhoatoc.com\/templates\/frontend\/luong\/assets\/images\/lich.jpg\" alt=\"\" \/>\u00a008\/08\/2020<\/li><li>C\u1ee1 ch\u1eef:\u00a0<img decoding=\"async\" src=\"http:\/\/chuyenphatnhanhhoatoc.com\/templates\/frontend\/luong\/assets\/images\/cochu1.jpg\" alt=\"\" \/>\u00a0<img decoding=\"async\" src=\"http:\/\/chuyenphatnhanhhoatoc.com\/templates\/frontend\/luong\/assets\/images\/cochu2.jpg\" alt=\"\" \/><\/li><\/ul><p>Khi g\u1eedi h\u00e0ng v\u1edbi d\u1ecbch v\u1ee5\u00a0c\u1ee7a ch\u00fang t\u00f4i \u2013 b\u1ea1n \u0111ang g\u1eedi h\u00e0ng v\u1edbi c\u00e1c d\u1ecbch v\u1ee5 giao nh\u1eadn chuy\u1ec3n ph\u00e1t nhanh v\u00e0 g\u1eedi h\u00e0ng trong n\u01b0\u1edbc &amp; qu\u1ed1c t\u1ebf\u00a0<\/p><p>NHANH CH\u00d3NG \u2013 CH\u00cdNH X\u00c1C \u2013 UY T\u00cdN \u2013 CH\u1ea4T L\u01af\u1ee2NG H\u00c0NG \u0110\u1ea6U VI\u1ec6T NAM\u00a0<br \/>C\u00f4ng ty chuy\u1ec3n ph\u00e1t nhanh H\u1ecfa T\u1ed1c\u00a0chuy\u00ean cung c\u1ea5p d\u1ecbch v\u1ee5 chuy\u1ec3n ph\u00e1t trong n\u01b0\u1edbc &amp; qu\u1ed1c t\u1ebf b\u1eb1ng \u0111\u01b0\u1eddng h\u00e0ng kh\u00f4ng, \u0111\u01b0\u1eddng b\u1ed9. V\u1edbi h\u1ec7 th\u1ed1ng m\u1ea1ng l\u01b0\u1edbi r\u1ed9ng kh\u1eafp tr\u00ean 63 t\u1ec9nh th\u00e0nh v\u00e0 h\u01a1n 220 qu\u1ed1c gia tr\u00ean th\u1ebf gi\u1edbi. V\u1edbi h\u01a1n 365,000 nh\u00e2n vi\u00ean, m\u1ed9t \u0111\u1ed9i ng\u0169 nh\u00e2n vi\u00ean ho\u1ea1t \u0111\u1ed9ng chuy\u00ean nghi\u1ec7p nh\u1ea5t th\u1ebf gi\u1edbi, ph\u1ee5c v\u1ee5 nhi\u1ec7t t\u00ecnh, c\u00f3 n\u0103ng l\u1ef1c, chu \u0111\u00e1o, nghi\u1ec7p v\u1ee5 chuy\u00ean m\u00f4n cao, c\u00f3 gi\u00e1 c\u01b0\u1edbc v\u1eadn chuy\u1ec3n qu\u1ed1c t\u1ebf th\u1ea5p, lu\u00f4n l\u1ea5y uy t\u00edn v\u00e0 th\u01b0\u01a1ng hi\u1ec7u l\u00ean h\u00e0ng \u0111\u1ea7u v\u1edbi nhi\u1ec1u d\u1ecbch v\u1ee5 r\u1ea5t \u0111a d\u1ea1ng v\u00e0 phong ph\u00fa, ch\u00fang t\u00f4i hy v\u1ecdng s\u1ebd l\u00e0m h\u00e0i l\u00f2ng kh\u00e1ch h\u00e0ng v\u1ec1 d\u1ecbch v\u1ee5 c\u1ee7a ch\u00fang t\u00f4i.\u00a0<\/p><p>\u2013 D\u1ecbch v\u1ee5\u00a0c\u1ee7a ch\u00fang t\u00f4i chuy\u00ean.<br \/>\u2013 Chuy\u1ec3n ph\u00e1t nhanh 24h.<br \/>\u2013 Chuy\u1ec3n ph\u00e1t ti\u1ebft ki\u1ec7m\/ Economy<br \/>\u2013 Chuy\u1ec3n ph\u00e1t nhanh h\u1ecfa t\u1ed1c\/ Express.\u00a0<br \/>\u2013 Chuy\u1ec3n ph\u00e1t nhanh\/ Fast.<br \/>\u2013 Chuy\u1ec3n ph\u00e1t nhanh trong ng\u00e0y\/ Today.\u00a0<br \/>\u2013 Chuy\u1ec3n ph\u00e1t nhanh tr\u01b0\u1edbc 9h\/ Exp: 9Am.<br \/>\u2013 Chuy\u1ec3n ph\u00e1t nhanh h\u1eb9n gi\u1edd\/ Ontime.\u00a0<br \/>\u2013 Chuy\u1ec3n ph\u00e1t nhanh \u0111i Ch\u00e2u \u00c1\/ Asia.<br \/>\u2013 Chuy\u1ec3n ph\u00e1t nhanh \u0111i Ch\u00e2u M\u1ef9\/ Americas.<br \/>\u2013 Chuy\u1ec3n ph\u00e1t nhanh \u0111i Ch\u00e2u Phi\/ Africa.<br \/>\u2013 Chuy\u1ec3n ph\u00e1t nhanh \u0111i Ch\u00e2u \u00dac\/ Australia.<br \/>\u0111\u00e1nh gi\u00e1 cao s\u1ef1 tin t\u01b0\u1edfng, t\u00f4n tr\u1ecdng l\u1eabn nhau v\u00e0 tin t\u01b0\u1edfng r\u1eb1ng c\u00f3 th\u1ec3 tr\u1edf th\u00e0nh nh\u1eefng \u0111\u1ed1i t\u00e1c l\u00e2u d\u00e0i. M\u1ed7i th\u00e0nh vi\u00ean trong \u0111\u1ed9i ng\u0169 nh\u00e2n vi\u00ean c\u1ee7a\u00a0t\u1eeb qu\u1ea3n l\u00fd \u0111\u1ebfn nh\u00e2n vi\u00ean \u0111\u1ec1u xem s\u1ef1 h\u00e0i l\u00f2ng c\u1ee7a kh\u00e1ch h\u00e0ng c\u0169ng ch\u00ednh l\u00e0 s\u1ef1 th\u00e0nh c\u00f4ng c\u1ee7a ch\u00fang t\u00f4i. Ch\u00fang t\u00f4i xem ch\u1ea5t l\u01b0\u1ee3ng v\u1edbi s\u1ef1 nhanh ch\u00f3ng \u2013 ch\u00ednh x\u00e1c- an to\u00e0n- ch\u1ea5t l\u01b0\u1ee3ng h\u00e0ng \u0111\u1ea7u th\u1ebf gi\u1edbi vi\u1ec7c \u0111em l\u1ea1i s\u1ef1 \u0111\u1ed5i m\u1edbi \u0111\u1ec1u nh\u01b0 nhau. M\u1ed7i ng\u00e0y ch\u00fang t\u00f4i \u0111\u1ec1u cung c\u1ea5p s\u1ef1 ph\u1ee5c v\u1ee5 t\u1ed1t nh\u1ea5t cho c\u00e1c chuy\u1ebfn h\u00e0ng m\u00e0 c\u00e1c kh\u00e1ch h\u00e0ng giao ph\u00f3.\u00a0<\/p><p>D\u1ecbch v\u1ee5\u00a0c\u1ee7a ch\u00fang t\u00f4i chuy\u00ean:\u00a0<br \/>Kh\u00e1ch h\u00e0ng \u0111\u1ebfn v\u1edbi ch\u00fang t\u00f4i s\u1ebd \u0111\u01b0\u1ee3c \u0111\u1ea3m b\u1ea3o m\u1ed9t s\u1ed1 quy\u1ec1n l\u1ee3i t\u1eeb d\u1ecbch v\u1ee5 :<br \/>\u2022 Nh\u1eadn t\u1ea1i \u0111\u1ecba ch\u1ec9 ng\u01b0\u1eddi g\u1eedi; Ph\u00e1t t\u1eadn tay ng\u01b0\u1eddi nh\u1eadn.<br \/>\u2022 T\u01b0 v\u1ea5n mi\u1ec5n ph\u00ed 24\/24.<br \/>\u2022 Cam k\u1ebft gi\u00e1 chuy\u1ec3n ph\u00e1t r\u1ebb nh\u1ea5t.<br \/>\u2022 C\u00f3 tr\u00e1ch nhi\u1ec7m nh\u1ea5t \u0111\u1ed1i v\u1edbi t\u1eebng \u0111\u01a1n h\u00e0ng.<br \/>\u2022 \u0110\u1ea3m b\u1ea3o th\u1eddi gian nh\u1eadn v\u00e0 ph\u00e1t theo \u0111\u00fang th\u1eddi gian.<br \/>\u2022 B\u1ea3o hi\u1ec3m h\u00e0ng h\u00f3a 100% n\u1ebfu x\u1ea3y ra m\u1ea5t m\u00e1t ho\u1eb7c h\u01b0 h\u1ecfng.<br \/>\u2022 Tr\u1edf th\u00e0nh \u0111\u1ed1i t\u00e1c tin c\u1eady v\u00e0 l\u00e0m \u0103n l\u00e2u d\u00e0i nh\u1ea5t \u0111\u1ed1i v\u1edbi kh\u00e1ch h\u00e0ng.<br \/>\u2022 \u0110\u00f3ng g\u00f3i h\u00e0ng theo y\u00eau c\u1ea7u c\u1ee7a kh\u00e1ch.<br \/>\u2022 \u0110\u01b0\u1ee3c c\u1ea5p v\u1eadn \u0111\u01a1n ch\u00ednh h\u00e3ng.<br \/>\u2022 \u0110\u01b0\u1ee3c gi\u1ea3m gi\u00e1 (gi\u1ea3m \u0111\u1ebfn 30%) v\u00e0 h\u01b0\u1edfng c\u00e1c ch\u1ebf \u0111\u1ed9 h\u1eadu m\u00e3i theo ch\u00ednh s\u00e1ch c\u1ee7a c\u00f4ng ty M\u1ecdi ho\u1ea1t \u0111\u1ed9ng, d\u1ecbch v\u1ee5 c\u1ee7a c\u00f4ng ty \u0111\u1ec1u l\u1ea5y kh\u00e1ch h\u00e0ng l\u00e0m tr\u1ecdng t\u00e2m v\u00e0 t\u1ea5t c\u1ea3 \u0111\u1ec1u ph\u1ea3i \u0111\u1eb7t l\u1ee3i \u00edch c\u1ee7a kh\u00e1ch h\u00e0ng l\u00ean \u0111\u1ea7u. Kh\u00f4ng ti\u1ebfc th\u1eddi gian, c\u00f4ng s\u1ee9c \u0111\u00e1p \u1ee9ng cao nh\u1ea5t m\u1ecdi nhu c\u1ea7u mua s\u1eafm c\u1ee7a kh\u00e1ch h\u00e0ng.\u00a0ch\u00fang t\u00f4i cam k\u1ebft li\u00ean t\u1ee5c ph\u00e1t tri\u1ec3n, c\u1ea3i ti\u1ebfn v\u00e0 n\u00e2ng cao ch\u1ea5t l\u01b0\u1ee3ng d\u1ecbch v\u1ee5, \u00e1p d\u1ee5ng c\u00e1c c\u00f4ng ngh\u1ec7 m\u1edbi, ho\u00e0n thi\u1ec7n d\u1ecbch v\u1ee5, ti\u1ebfn \u0111\u1ebfn th\u1ecfa m\u00e3n c\u00e1c y\u00eau c\u1ea7u c\u1ee7a c\u1ee7a qu\u00fd kh\u00e1ch h\u00e0ng v\u1edbi ch\u1ea5t l\u01b0\u1ee3ng \u0111\u01b0\u1ee3c mong \u0111\u1ee3i \u1edf m\u1ee9c \u0111\u1ed9 cao nh\u1ea5t v\u1edbi m\u1ee5c ti\u00eau: \u201cS\u1ef1 h\u00e0i l\u00f2ng c\u1ee7a kh\u00e1ch h\u00e0ng ch\u00ednh l\u00e0 s\u1ef1 th\u00e0nh c\u00f4ng c\u1ee7a ch\u00fang t\u00f4i\u201d<br \/>M\u1ecdi th\u00f4ng tin kh\u00e1ch h\u00e0ng vui l\u00f2ng li\u00ean h\u1ec7<\/p>\t\t\t\t\t\t\t\t<\/div>\n\t\t\t\t<\/div>\n\t\t\t\t<\/div>\n\t\t\t\t\t<\/div>\n\t\t\t\t<\/div>\n\t\t<div class=\"elementor-element elementor-element-f27b10f e-flex e-con-boxed e-con e-parent\" data-id=\"f27b10f\" data-element_type=\"container\" data-settings=\"{&quot;background_background&quot;:&quot;slideshow&quot;,&quot;background_slideshow_gallery&quot;:[],&quot;background_slideshow_loop&quot;:&quot;yes&quot;,&quot;background_slideshow_slide_duration&quot;:5000,&quot;background_slideshow_slide_transition&quot;:&quot;fade&quot;,&quot;background_slideshow_transition_duration&quot;:500}\">\n\t\t\t\t\t<div class=\"e-con-inner\">\n\t\t<div class=\"elementor-element elementor-element-1f9ad75 e-con-full e-flex e-con e-child\" data-id=\"1f9ad75\" data-element_type=\"container\" data-settings=\"{&quot;background_background&quot;:&quot;slideshow&quot;,&quot;background_slideshow_gallery&quot;:[{&quot;id&quot;:96,&quot;url&quot;:&quot;https:\\\/\\\/chuyenhang.adsdigi.com\\\/wp-content\\\/uploads\\\/2025\\\/12\\\/chuyen-phat-nhanh-hoa-toc-tu-6h-duoi-24h-1-1024x512-1.jpg&quot;}],&quot;background_slideshow_loop&quot;:&quot;yes&quot;,&quot;background_slideshow_slide_duration&quot;:5000,&quot;background_slideshow_slide_transition&quot;:&quot;fade&quot;,&quot;background_slideshow_transition_duration&quot;:500}\">\n\t\t\t\t<\/div>\n\t\t\t\t\t<\/div>\n\t\t\t\t<\/div>\n\t\t<div class=\"elementor-element elementor-element-f6e0ab4 e-con-full e-flex e-con e-parent\" data-id=\"f6e0ab4\" data-element_type=\"container\">\n\t\t\t\t<div class=\"elementor-element elementor-element-6bc1877 elementor-widget elementor-widget-html\" data-id=\"6bc1877\" data-element_type=\"widget\" data-widget_type=\"html.default\">\n\t\t\t\t<div class=\"elementor-widget-container\">\n\t\t\t\t\t<style>\r\n  .footer-new {\r\n    background: #1fa4cf;\r\n    color: #ffffff;\r\n    padding: 60px 20px 40px;\r\n    font-size: 14px;\r\n  }\r\n\r\n  .footer-wrap {\r\n    max-width: 1200px;\r\n    margin: auto;\r\n    display: grid;\r\n    grid-template-columns: repeat(3, 1fr);\r\n    gap: 50px;\r\n  }\r\n\r\n  .footer-col h3 {\r\n    font-size: 16px;\r\n    font-weight: 700;\r\n    margin-bottom: 18px;\r\n    text-transform: uppercase;\r\n    border-left: 4px solid #ffffff;\r\n    padding-left: 10px;\r\n  }\r\n\r\n  .footer-item {\r\n    display: flex;\r\n    align-items: flex-start;\r\n    margin-bottom: 12px;\r\n    line-height: 1.6;\r\n  }\r\n\r\n  .footer-item span {\r\n    margin-right: 10px;\r\n    font-size: 16px;\r\n    line-height: 1.4;\r\n  }\r\n\r\n  .footer-item a {\r\n    color: #ffffff;\r\n    text-decoration: none;\r\n  }\r\n\r\n  .footer-item a:hover {\r\n    text-decoration: underline;\r\n  }\r\n\r\n  .footer-bottom {\r\n    text-align: center;\r\n    margin-top: 40px;\r\n    font-size: 13px;\r\n    opacity: 0.85;\r\n  }\r\n\r\n  \/* Mobile *\/\r\n  @media (max-width: 768px) {\r\n    .footer-wrap {\r\n      grid-template-columns: 1fr;\r\n      gap: 30px;\r\n    }\r\n  }\r\n<\/style>\r\n\r\n<footer class=\"footer-new\">\r\n  <div class=\"footer-wrap\">\r\n\r\n    <!-- H\u00c0 N\u1ed8I -->\r\n    <div class=\"footer-col\">\r\n      <h3>V\u0103n ph\u00f2ng H\u00e0 N\u1ed9i<\/h3>\r\n      <div class=\"footer-item\">\r\n        <span>\ud83d\udccd<\/span>\r\n        <div>12A Trung Y\u00ean 6, ph\u01b0\u1eddng Y\u00ean H\u00f2a, qu\u1eadn C\u1ea7u Gi\u1ea5y<\/div>\r\n      <\/div>\r\n      <div class=\"footer-item\">\r\n        <span>\ud83d\udcde<\/span>\r\n        <a href=\"tel:0822716666\">0822 716 666<\/a>\r\n      <\/div>\r\n      <div class=\"footer-item\">\r\n        <span>\u2709\ufe0f<\/span>\r\n        <a href=\"mailto:thai1268aa@gmail.com\">thai1268aa@gmail.com<\/a>\r\n      <\/div>\r\n    <\/div>\r\n\r\n    <!-- LI\u00caN H\u1ec6 -->\r\n    <div class=\"footer-col\">\r\n      <h3>Li\u00ean h\u1ec7 nhanh<\/h3>\r\n      <div class=\"footer-item\">\r\n        <span>\ud83d\udcde<\/span>\r\n        Hotline: <a href=\"tel:0822716666\">0822 716 666<\/a>\r\n      <\/div>\r\n      <div class=\"footer-item\">\r\n        <span>\u2709\ufe0f<\/span>\r\n        <a href=\"mailto:thai1268aa@gmail.com\">thai1268aa@gmail.com<\/a>\r\n      <\/div>\r\n    <\/div>\r\n\r\n    <!-- HCM -->\r\n    <div class=\"footer-col\">\r\n      <h3>V\u0103n ph\u00f2ng TP.HCM<\/h3>\r\n      <div class=\"footer-item\">\r\n        <span>\ud83d\udccd<\/span>\r\n        <div>H\u1ebbm 104\/9 Y\u00ean Th\u1ebf, ph\u01b0\u1eddng 2, qu\u1eadn T\u00e2n B\u00ecnh<\/div>\r\n      <\/div>\r\n      <div class=\"footer-item\">\r\n        <span>\ud83d\udcde<\/span>\r\n        <a href=\"tel:0822716666\">0822 716 666<\/a>\r\n      <\/div>\r\n      <div class=\"footer-item\">\r\n        <span>\u2709\ufe0f<\/span>\r\n        <a href=\"mailto:thai1268aa@gmail.com\">thai1268aa@gmail.com<\/a>\r\n      <\/div>\r\n    <\/div>\r\n\r\n  <\/div>\r\n\r\n  <div class=\"footer-bottom\">\r\n    \u00a9 2025 D\u1ecbch v\u1ee5 chuy\u1ec3n ph\u00e1t nhanh. All rights reserved.\r\n  <\/div>\r\n<\/footer>\r\n\t\t\t\t<\/div>\n\t\t\t\t<\/div>\n\t\t\t\t<\/div>\n\t\t\t\t<\/div>\n\t\t","protected":false},"excerpt":{"rendered":"<p>CHUY\u1ec2N PH\u00c1T NHANH HO\u1ea2 T\u1ed0C UY T\u00cdN \u2013 CH\u1ea4T L\u01af\u1ee2NG \u2013 \u0110\u1ea2M B\u1ea2O \u2013 NHANH CH\u00d3NG N\u00f3i v\u1ec1 ch\u00fang t\u00f4i [&hellip;]<\/p>\n","protected":false},"author":1,"featured_media":0,"parent":0,"menu_order":0,"comment_status":"closed","ping_status":"closed","template":"","meta":{"site-sidebar-layout":"no-sidebar","site-content-layout":"","ast-site-content-layout":"full-width-container","site-content-style":"default","site-sidebar-style":"default","ast-global-header-display":"","ast-banner-title-visibility":"","ast-main-header-display":"","ast-hfb-above-header-display":"","ast-hfb-below-header-display":"","ast-hfb-mobile-header-display":"","site-post-title":"disabled","ast-breadcrumbs-content":"disabled","ast-featured-img":"disabled","footer-sml-layout":"","ast-disable-related-posts":"","theme-transparent-header-meta":"default","adv-header-id-meta":"","stick-header-meta":"","header-above-stick-meta":"","header-main-stick-meta":"","header-below-stick-meta":"","astra-migrate-meta-layouts":"set","ast-page-background-enabled":"default","ast-page-background-meta":{"desktop":{"background-color":"var(--ast-global-color-5)","background-image":"","background-repeat":"repeat","background-position":"center center","background-size":"auto","background-attachment":"scroll","background-type":"","background-media":"","overlay-type":"","overlay-color":"","overlay-opacity":"","overlay-gradient":""},"tablet":{"background-color":"","background-image":"","background-repeat":"repeat","background-position":"center center","background-size":"auto","background-attachment":"scroll","background-type":"","background-media":"","overlay-type":"","overlay-color":"","overlay-opacity":"","overlay-gradient":""},"mobile":{"background-color":"","background-image":"","background-repeat":"repeat","background-position":"center center","background-size":"auto","background-attachment":"scroll","background-type":"","background-media":"","overlay-type":"","overlay-color":"","overlay-opacity":"","overlay-gradient":""}},"ast-content-background-meta":{"desktop":{"background-color":"var(--ast-global-color-4)","background-image":"","background-repeat":"repeat","background-position":"center center","background-size":"auto","background-attachment":"scroll","background-type":"","background-media":"","overlay-type":"","overlay-color":"","overlay-opacity":"","overlay-gradient":""},"tablet":{"background-color":"var(--ast-global-color-4)","background-image":"","background-repeat":"repeat","background-position":"center center","background-size":"auto","background-attachment":"scroll","background-type":"","background-media":"","overlay-type":"","overlay-color":"","overlay-opacity":"","overlay-gradient":""},"mobile":{"background-color":"var(--ast-global-color-4)","background-image":"","background-repeat":"repeat","background-position":"center center","background-size":"auto","background-attachment":"scroll","background-type":"","background-media":"","overlay-type":"","overlay-color":"","overlay-opacity":"","overlay-gradient":""}},"footnotes":""},"class_list":["post-11","page","type-page","status-publish","hentry"],"_links":{"self":[{"href":"https:\/\/chuyenhang.adsdigi.com\/index.php?rest_route=\/wp\/v2\/pages\/11","targetHints":{"allow":["GET"]}}],"collection":[{"href":"https:\/\/chuyenhang.adsdigi.com\/index.php?rest_route=\/wp\/v2\/pages"}],"about":[{"href":"https:\/\/chuyenhang.adsdigi.com\/index.php?rest_route=\/wp\/v2\/types\/page"}],"author":[{"embeddable":true,"href":"https:\/\/chuyenhang.adsdigi.com\/index.php?rest_route=\/wp\/v2\/users\/1"}],"replies":[{"embeddable":true,"href":"https:\/\/chuyenhang.adsdigi.com\/index.php?rest_route=%2Fwp%2Fv2%2Fcomments&post=11"}],"version-history":[{"count":69,"href":"https:\/\/chuyenhang.adsdigi.com\/index.php?rest_route=\/wp\/v2\/pages\/11\/revisions"}],"predecessor-version":[{"id":340,"href":"https:\/\/chuyenhang.adsdigi.com\/index.php?rest_route=\/wp\/v2\/pages\/11\/revisions\/340"}],"wp:attachment":[{"href":"https:\/\/chuyenhang.adsdigi.com\/index.php?rest_route=%2Fwp%2Fv2%2Fmedia&parent=11"}],"curies":[{"name":"wp","href":"https:\/\/api.w.org\/{rel}","templated":true}]}}